s the remainder when 11 is divided by w?
5
Let f(a) = -79*a - 16. What is the remainder when f(-2) is divided by 36?
34
Suppose -6*g + 12 = -2*g. Let f(r) = -3*r - 4 + 6*r**2 + 3*r + g*r + r**3. Calculate the remainder when f(-4) is divided by 6.
4
Let b = 78 + -39. What is the remainder when b is divided by 14?
11
Let o = -6 - -41. Suppose -4*w - 4*f + 104 = 0, -3*f = 2*w - o - 17. What is the remainder when w is divided by 15?
11
Suppose -5*k = 5*f - k - 431, 0 = -2*f - 4*k + 170. Calculate the remainder when f is divided by 15.
12
Suppose -4 = -3*w + 5*d, -d + 13 = 4*w - 0*d. What is the remainder when 11 is divided by w?
2
Let v = 90 + -61. Let j = 1 + 7. What is the remainder when v is divided by j?
5
Suppose 4*s = -5*j + 153, 8*s - 2*j = 5*s + 132. Calculate the remainder when s is divided by 12.
6
Suppose 4*a - 115 = -a. What is the remainder when 112 is divided by a?
20
Let a(g) = -5*g + 8. Let z be (-1)/1*2/(-2). Let b be (3 + z)*14/(-8). Calculate the remainder when a(b) is divided by 11.
10
Let v = -214 - -309. Calculate the remainder when v is divided by 42.
11
Suppose a - 26 = -2*y, -2*a - 6 = 2. Suppose -l + 0*l = -44. What is the remainder when l is divided by y?
14
Let b = 99 - 63. What is the remainder when b is divided by 19?
17
Suppose -3*o = 4*f - 59, -f + 5*o = 8 + 6. Calculate the remainder when 41 is divided by f.
8
Suppose -4*v - v = -5*x + 35, 4*x - 3*v - 29 = 0. Let n = 25 - 46. Calculate the remainder when (-40)/(-1)*n/(-28) is divided by x.
6
Suppose -7 + 3 = -2*b, -27 = -y + 5*b. Let p = y + -15. Let i(k) = -k**2 - 8*k + 1. What is the remainder when p is divided by i(-7)?
6
Calculate the remainder when 56 is divided by (-1 - -14) + (2 - 0).
11
Let t = -8 + 4. What is the remainder when (t - -5)/(1/2) is divided by 1?
0
Suppose 4*m = 2*v - 628, v = -2*v + m + 947. Suppose -4*l = -0*l - v. What is the remainder when l is divided by 27?
25
Suppose v - 6 = -2. Suppose -v = -2*g + 56. Suppose 0*i + 2*i - 22 = 0. Calculate the remainder when g is divided by i.
8
Let v(u) = 3*u - 4. Let x be v(3). Suppose x*t = t + 96. Calculate the remainder when t is divided by -1*1 - (-10)/1.
6
Suppose -3*n + 19 = -20. What is the remainder when n is divided by 4?
1
Let j(d) = 13*d + 8. Calculate the remainder when 146 is divided by j(1).
20
Let v(n) = n**3 - 5*n**2 + 3*n - 1. Let m be (-4)/(-1) + 0 - 1. Suppose -5 = -4*x + m*x. Calculate the remainder when v(5) is divided by x.
4
Let a(m) = -4*m**3 + m + 1. Let i be a(-1). Let k = 8 - i. Suppose -25 + 89 = k*n. Calculate the remainder when n is divided by 6.
4
Suppose -66 = 16*y - 22*y. Calculate the remainder when 32 is divided by y.
10
Let g(r) = -r**2 - 7*r + 1. Let c be g(-7). Let z = c - -3. Suppose 19 = 2*q + v, -z*v = -3*q + 11 + 1. Calculate the remainder when 14 is divided by q.
6
Let p be (-86)/6 - 8/(-24). Let n = 8 - p. Suppose d = -d + n. Calculate the remainder when d is divided by 3.
2
Let f = -12 - -17. What is the remainder when 18 is divided by f?
3
Suppose -i - 4*p + 24 = 0, 0 = i - 6*p + 2*p - 64. What is the remainder when i is divided by 5/((-2)/(-12)*2)?
14
Suppose -41 - 59 = -4*y. Calculate the remainder when y is divided by 7.
4
Suppose -5*y + 75 = -55. Calculate the remainder when 75 is divided by y.
23
Suppose -i - z + 21 = -5*z, i - 21 = -4*z. Let j = 36 - i. What is the remainder when 43 is divided by j?
13
Suppose -5*n = 5*g - 99 - 156, 4*n + 76 = g. What is the remainder when g is divided by 29?
27
Let z(n) be the first derivative of -n**4/4 + 2*n**3 + 5*n**2/2 - 4*n - 3. Let p be z(7). Let j = p + 46. Calculate the remainder when j is divided by 10.
8
Calculate the remainder when 11 is divided by 1/((8/14)/4).
4
Let z(j) = -10*j**2 + j + 1. Let g be z(-1). Let a be 3/(-2)*g/3. Let n = a - 4. What is the remainder when 1 is divided by n?
0
Suppose -4*h = -2*r - 14, -5*r + 2*h + 10 = h. Suppose 4*t + 4 = 5*t. Suppose 5*p + f - t = 33, -p - r = -5*f. Calculate the remainder when 12 is divided by p.
5
Let m = -25 - -54. Let l = -70 - -134. Suppose -6*s = -2*s - l. Calculate the remainder when m is divided by s.
13
Suppose -8*o = -7*o + 14. Let m be 2/(-2 + o/(-6)). Suppose -3*s = f - 24, m = 3*s - 3*f - 30. Calculate the remainder when 15 is divided by s.
6
Let i(x) = -x**2 + x + 89. Let g be i(0). Let t = -53 + g. Calculate the remainder when t is divided by 13.
10
Suppose 0*b = 2*b - 170. Let g = 163 - b. Calculate the remainder when g is divided by 20.
18
Let t(r) = 2*r**2 - 13*r + 8. Let b = 83 + -40. Calculate the remainder when b is divided by t(7).
13
Let p(i) = -3 - 5*i - 1 - 3 + 0. What is the remainder when 51 is divided by p(-4)?
12
Let c(h) = -h**3 - 7*h**2 + 4. Let b be c(-7). Let d(q) = 5*q - 5. Let n be d(4). Suppose -n - 53 = -b*t. What is the remainder when t is divided by 9?
8
Suppose -3*h = -6*h + 42. Let r = -56 + 97. Calculate the remainder when r is divided by h/(-4)*(-13 - -7).
20
Let i be -1 + 0 + -1 - -4. Suppose -2*m - i*h - 147 = -5*m, -m + 35 = 4*h. What is the remainder when m is divided by 25?
22
Suppose -l + 5*p - 1 = -0*l, 2*l - 4*p = 22. Calculate the remainder when 56 is divided by l.
18
Let y = -5 - -10. Suppose -y*f = 4*x - 211, -4*f - 25 = x - 86. Calculate the remainder when x is divided by 13.
10
Let o(p) = -p**2 + 6*p - 1. Let i be o(5). Suppose i*m = -m + 105. Let d = m + -15. Calculate the remainder when d is divided by 4.
2
Let y(n) = n**2 - 8. Let w be y(-7). Suppose -5*r - 5*q + 65 = 0, 2*r = -0*r + q + w. What is the remainder when 2/10 - (-522)/15 is divided by r?
17
Let o be 2*-1 + (-752)/(-2). Calculate the remainder when 48 is divided by (2/(-4))/((-11)/o).
14
Let d = -18 + 22. Suppose -5*n + 2*p = -29, -3*n + 2*n + 11 = -3*p. Calculate the remainder when (0/(-3) - -2) + n is divided by d.
3
Let l = 9 - -2. Calculate the remainder when l/((-33)/(-126)) - -3 is divided by (-61)/(-5) - (-1)/(-5).
9
Let c(a) = a**2 + 3*a - 2. Let v be c(-4). Suppose 50 = 5*h + v*k - 7*k, 4*k - 77 = -5*h. Calculate the remainder when h is divided by 4.
1
Suppose -2*g - 11 = -h, -h + g = h - 22. Let t = 17 - 11. Calculate the remainder when h is divided by t.
5
Let k = 66 + -69. Let z be 5/3 - 2/3. Let j = z - k. Calculate the remainder when 6 is divided by j.
2
Suppose -7*z + 176 = -3*z. Let u = 29 + -14. Calculate the remainder when z is divided by u.
14
Let v = 2 - 2. Suppose -d - d + 20 = v. Calculate the remainder when 37 is divided by d.
7
Let q(j) = j**3 + 17*j**2 + 16*j + 13. Calculate the remainder when 49 is divided by q(-16).
10
Suppose -2*o + 0*o + 88 = 0. Let q be 69 - (3 + -2 + -1). Suppose -q = -3*r - 24. Calculate the remainder when o is divided by r.
14
Let n = 168 - 143. What is the remainder when n is divided by 8?
1
Let z = -5 + 9. Suppose -k - 12 = j - 3*j, 4*j = -z*k + 36. Calculate the remainder when 19 is divided by j.
5
Suppose 3*d = -5*f + 74, -2*f + 24 + 14 = 4*d. What is the remainder when 36 is divided by f?
10
Suppose -a = -2*p + 3 + 1, -a = -5*p + 16. Calculate the remainder when 6 is divided by p.
2
Suppose -9 = -3*p + 15. Let y be -6*(-1)/(-2)*2. Let n(m) = -m**3 - 6*m**2 - 4*m - 1. What is the remainder when n(y) is divided by p?
7
Suppose -8*o + 55 = -7*o. Suppose 5*k = 10*k - o. What is the remainder when 53 is divided by k?
9
Let w(i) = -i**3 + 8*i**2 - 2*i + 1. Suppose -5*q + 3 = -v + 5, 4*q + 24 = 4*v. Calculate the remainder when w(v) is divided by 13.
10
Suppose 13 = 4*r + 1. Let z = r + 1. Suppose -2*w + 5*u = -29, u + 25 = -z*u. What is the remainder when 4 is divided by w?
0
Let s(q) = 0 + 3*q + 1 - q. What is the remainder when (-32 - 0)*(-1)/1 is divided by s(5)?
10
Suppose -3*o - 2*o = 4*y - 61, -2*y = 4*o - 50. Suppose 2*n + 5*f - 79 = 0, -5*n + n - 5*f + 153 = 0. Calculate the remainder when n is divided by o.
11
Suppose -2*o + 42 - 114 = 0. Suppose 5*a - a = 8. Calculate the remainder when (-2)/8 + o/(-16) is divided by a.
0
Suppose 35 + 6 = 5*l - 3*c, 5*c = -l + 25. Let k(r) = r**2 - 5*r + 11. What is the remainder when k(l) is divided by (63/15)/((-1)/(-5))?
19
Let l(d) = 5*d + 1. What is the remainder when 11 is divided by l(1)?
5
Let j be 21*1*(-3)/(-9). Suppose 4*a + j = 3*n, -2*n + 1 = -n - 2*a. What is the remainder when 19 is divided by n?
4
Let g(n) = 2*n**3 + 6*n**